highest common divisor of 40 and n.
40
Let f = -5 - -13. Calculate the greatest common divisor of 8 and f.
8
Suppose -5*h - 167 + 17 = 0. Let g = 52 + h. Calculate the greatest common divisor of g and 22.
22
Let q = -309 + 435. Calculate the highest common factor of 18 and q.
18
Let u = 13 - 7. What is the greatest common factor of 18 and u?
6
Let a = 2 + 14. Suppose 4*f = -a, -2*o + 2*f + 148 = -f. What is the highest common factor of 17 and o?
17
Let s = 36 + -12. Calculate the greatest common factor of 60 and s.
12
Suppose 4*g - 36 = 4*d, 3*d = -g + 1 - 48. Let c be (-4)/d - (-12)/7. Let x be 2 - 0 - -3 - c. What is the greatest common divisor of 3 and x?
3
Suppose 5*d - 19 + 7 = a, 2*a - 12 = -2*d. Suppose a*l + 9 = 5*v, -1 = 2*v - l - 4. Let i = 4 - v. What is the greatest common divisor of 12 and i?
4
Let g be (-45)/18*4/15*-12. Calculate the greatest common factor of 4 and g.
4
Let h be 8 + -3 + -1 + 6. Calculate the greatest common factor of 40 and h.
10
Let t = -16 - 1. Let p = -1 - t. Suppose 20*q - 1920 = 5*q. What is the greatest common divisor of q and p?
16
Let n(q) = 9*q**2 + 2*q + 3. Let d(x) = x**3 + 7*x**2 + 6*x + 3. Let g be d(-6). Let l be n(g). Calculate the highest common divisor of 10 and l.
10
Suppose -q = 2*c - 49, 0*q - q - 5*c = -58. What is the greatest common factor of q and 43?
43
Let w(j) = -j**3 - 6*j**2 - 6*j + 3. Let i be w(-5). Suppose -4*a + i - 12 = 0. Let c be -2 + (-60)/(a + -2). What is the highest common divisor of c and 45?
9
Let k be 2/8 + (-396)/(-144). Calculate the greatest common divisor of 1 and k.
1
Suppose 0 = -2*n + 2 - 4. Let d be (-12)/(-2)*-1*n. Let b = d - -3. Calculate the greatest common factor of b and 27.
9
Let s = 6 + 15. Let w(f) be the second derivative of 3*f**5/20 - f**4/3 + f**3/3 + f**2 - 2*f. Let b be w(2). Calculate the highest common factor of b and s.
7
Suppose 401 = 3*z - 55. Calculate the highest common factor of z and 19.
19
Let s = -25 + 41. Suppose 0 = -t - 4*t + 240. What is the highest common divisor of t and s?
16
Suppose -2*k - 5*m = -m - 20, -5*k + m = -83. What is the highest common divisor of 8 and k?
8
Suppose -39 = 5*c - 5*s - 124, -c + 25 = -5*s. Calculate the greatest common factor of c and 15.
15
Let f be 19/2 + (2 - (-28)/(-8)). Calculate the greatest common divisor of 4 and f.
4
Let a be (4/10)/((-3)/45). Let o be 22/6 + 4/a. What is the highest common factor of 21 and o?
3
Let a(x) = x + 2. Suppose 0 = 3*s - 8*s + 20. Suppose d - 1 = s. Let z be a(d). Calculate the greatest common divisor of z and 21.
7
Let g be 2/8 + (-114)/8. Let p = g + 30. Calculate the highest common factor of p and 112.
16
Suppose 2*f - 9 = -f. Let a(r) = 11*r**2 - 2*r - 2. Let y be a(f). Calculate the highest common factor of y and 13.
13
Suppose -2*z + 3 - 1 = d, 6 = -2*z. Let g = -4 + 5. Calculate the highest common divisor of d and g.
1
Let m be (48/(-20))/((-2)/10). Suppose 2*a + 46 = 2*s, 0*a = -4*a + 4. Calculate the highest common divisor of s and m.
12
Suppose 5*a + 702 = 5*y + 222, 4*y = -5*a + 384. Calculate the highest common factor of y and 128.
32
Let r(l) = l + 9. Let t be r(-7). Suppose -2*c + 23 = g, -t*c - 3*g + 36 - 3 = 0. Let i = c + 23. What is the greatest common divisor of i and 16?
16
Suppose 0 = -4*z + z - 6. Let p be 5/(1*z - -3). Suppose p*j - 31 = -1. What is the highest common divisor of j and 3?
3
Suppose 0*a = -3*a + 18. Calculate the greatest common factor of a and 24.
6
Let z = 2 + 0. Let g be 23/1 + z/2. Let h be 90/4*g/10. Calculate the highest common divisor of 6 and h.
6
Let i(m) = -m**3 - m**2 + m + 34. Let b be i(0). Let a(y) = -y**3 - 3*y**2 - 9*y - 10. Let t be a(-5). Calculate the greatest common factor of t and b.
17
Let z(b) = 7*b**2 + 0*b**3 + 2 - 10 - b**3 - 4*b. Let a be z(6). What is the greatest common divisor of 1 and a?
1
Suppose -6*y = 3*y - 279. Let r be 93/(-2)*(-16)/6. What is the highest common divisor of r and y?
31
Let p(w) = -w + 2. Let i be p(5). Let l = 21 + i. Suppose m = -4, 0 = 2*z + m - 116 + 30. Calculate the greatest common factor of l and z.
9
Suppose 0 = -7*m + 42 + 98. Suppose o = 6*o - 20. Calculate the highest common factor of o and m.
4
Let s = 74 - 30. Calculate the highest common factor of s and 22.
22
Suppose 3*t + 3*x = 264, 5*t + 3*x = 5*x + 412. Calculate the greatest common divisor of t and 56.
28
Let a(f) = -12*f**3 - f**2 - f - 1. Let l be a(-1). Let u be (-3)/2*16/(-12). Let g be u - (-2 - 0 - l). Calculate the greatest common divisor of g and 15.
15
Let l be (-23)/(-5) + 6/15. Suppose r - l*i = 30, 2*r = 3*r - 4*i - 27. Suppose 0 = 5*p - 4*p - 75. Calculate the highest common factor of p and r.
15
Suppose -q = -2*s + 31, -3*q + 11 = 4*s - 36. What is the greatest common divisor of s and 2?
2
Let y(h) = -h**3 - 8*h**2 - 8*h - 4. Let j be y(-7). Calculate the highest common divisor of 2 and j.
1
Let b be (0/(-3))/(2 + 0). Suppose -8 = -b*t + 2*t. Let r be 44/3 - t/(-6). Calculate the greatest common divisor of r and 98.
14
Let l(h) = -h**2 + 7*h + 1. Suppose -4*o = o + k - 30, -4*k = 20. Let n be l(o). Let r be n + 12 + -1 + 0. Calculate the greatest common factor of r and 24.
12
Suppose -2*w + w = 0. Let s(i) = -2*i - 2. Let p be s(-2). Suppose w = p*n - 9 - 23. What is the highest common divisor of n and 16?
16
Suppose -61 - 51 = -4*p. Calculate the highest common factor of p and 42.
14
Let q = -42 - -72. What is the greatest common factor of 270 and q?
30
Suppose 12 = 3*u + u. Suppose u = c - 33. What is the greatest common factor of 24 and c?
12
Let q = -3 + 5. Suppose 3*f + 2*t - 66 = 0, -q*f - f = 5*t - 57. Calculate the highest common divisor of 144 and f.
24
Let l(a) = a**2 - 6*a - 10. Let d be l(9). What is the greatest common factor of 17 and d?
17
Let o be ((-31)/3)/(1/(-3)). Let l be (-15)/(-6) - 2/(-4). Suppose -l*x = -4*i - o, -2*x + 2*i + 9 = -3*i. What is the highest common divisor of 17 and x?
17
Suppose -4*s - 4 = 8, 3*p + s - 51 = 0. Calculate the greatest common divisor of 72 and p.
18
Let w(a) = -9*a + 0 - 2 + 4 + a**2 + 2*a. Let y(i) = -i**2 + 6*i + 7. Let s be y(6). Let g be w(s). Calculate the highest common divisor of g and 6.
2
Let s(v) = -v**3 - 2*v**2 + 22*v + 2. Let l be s(-6). Let p(h) = h**2 - 6*h. Let b be p(7). Calculate the greatest common divisor of b and l.
7
Suppose 5*c - 357 = -2*p, -5*p = -0*p - c - 879. Calculate the greatest common factor of p and 16.
16
Let y(p) = -p**3 - 2*p**2 - 8*p - 3. Suppose -r = -2*r - 5. Let n be y(r). What is the highest common factor of 14 and n?
14
Let k(q) = -q**2 - 10*q + 5. Let s be k(-11). Let v be (1 - -1) + s/6. What is the greatest common divisor of v and 2?
1
Let j(n) = n + 1 - 2 - 2 + 6. Let y be j(0). What is the highest common factor of y and 1?
1
Let b = -42 + 67. Calculate the greatest common divisor of 10 and b.
5
Suppose 0 = d + 5*g - 105, -2*d - g = -5*g - 266. Let o = -142 - -167. Calculate the greatest common divisor of o and d.
25
Let j be (2 + 1)*(-5)/(-3). Suppose -q - j = -21. Let g be (-1 - 149)/(-3) + -2. Calculate the greatest common factor of q and g.
16
Let g(f) = f**2 - 8*f + 9. Let w be g(7). Let t be (2 - -1) + (11 - w). Calculate the highest common factor of t and 4.
4
Let b be ((-11)/22 + (2 - 0))*4. Let o be (1*-1 - -4) + -1. Let g = o - 0. Calculate the greatest common divisor of g and b.
2
Let g be (-31)/(-5) - (-8)/(-40). Suppose 5*k - 136 = 389. Suppose -4*s = l + 3 - 94, 5*s = -3*l + k. What is the highest common factor of s and g?
6
Let w(n) = -n**2 - 10*n + 3. Let s be w(-7). Calculate the greatest common factor of s and 168.
24
Suppose 3*c - c = 144. What is the highest common divisor of c and 18?
18
Let c = 40 - 28. What is the greatest common divisor of c and 12?
12
Let h(c) = -c**3 + 3*c**2 + 6*c + 2. Let o be h(-2). Let d(x) = -3*x - 19. Let b be d(-13). What is the highest common divisor of o and b?
10
Suppose 4*l = 2*y + 42, -2*l = -0*y - 2*y - 26. What is the highest common factor of 20 and l?
4
Suppose 2*k + 372 = b - 6*b, 4*b = 5*k + 897. Let x = k - -302. Let g = 14 - 3. Calculate the greatest common divisor of g and x.
11
Let y(h) = -h**2 + h + 11. Let z be y(-8). Let u = -43 - z. Calculate the greatest common factor of 126 and u.
18
Let v be (-1 + 10 + -2)*1. Let z(a) = a**3 -